{"id":6,"date":"2018-06-19T08:45:12","date_gmt":"2018-06-19T08:45:12","guid":{"rendered":"http:\/\/manfred-mai.de\/?page_id=6"},"modified":"2019-02-12T10:28:16","modified_gmt":"2019-02-12T10:28:16","slug":"manfred-mai","status":"publish","type":"page","link":"https:\/\/manfred-mai.de\/","title":{"rendered":"Manfred Mai"},"content":{"rendered":"<section id=\"builder-section-banner_11\" class=\"builder-section-first builder-section builder-section-banner builder-section-next-text\" style=\"background-size: cover; background-repeat: no-repeat;background-position: center center;\">\n<div class=\"builder-section-content cycle-slideshow\" data-cycle-log=\"false\" data-cycle-slides=\"div.builder-banner-slide\" data-cycle-swipe=\"true\" data-cycle-timeout=\"6000\" data-cycle-fx=\"scrollHorz\">\n<div class=\"builder-banner-slide content-position-none\" style=\"background-image: url(&#039;https:\/\/manfred-mai.de\/wp-content\/uploads\/2018\/07\/manfred-mai43339667neu.jpg&#039;);\">\n<div class=\"builder-banner-content\">\n<div class=\"builder-banner-inner-content\">\n\t\t\t\t\t\t\t\t\t<\/div>\n<\/p><\/div>\n<\/p><\/div>\n<div class=\"builder-banner-slide content-position-none\" style=\"background-image: url(&#039;https:\/\/manfred-mai.de\/wp-content\/uploads\/2018\/06\/ManfredMai_MSZ0216cover.jpg&#039;);\">\n<div class=\"builder-banner-content\">\n<div class=\"builder-banner-inner-content\">\n\t\t\t\t\t\t\t\t\t<\/div>\n<\/p><\/div>\n<\/p><\/div>\n<div class=\"builder-banner-slide content-position-none\" style=\"background-image: url(&#039;https:\/\/manfred-mai.de\/wp-content\/uploads\/2018\/06\/ManfredMai_MSE2936.jpg&#039;);\">\n<div class=\"builder-banner-content\">\n<div class=\"builder-banner-inner-content\">\n\t\t\t\t\t\t\t\t\t<\/div>\n<\/p><\/div>\n<\/p><\/div>\n<div class=\"builder-banner-slide content-position-none\" style=\"background-image: url(&#039;https:\/\/manfred-mai.de\/wp-content\/uploads\/2018\/07\/manfredmai6376.jpg&#039;);\">\n<div class=\"builder-banner-content\">\n<div class=\"builder-banner-inner-content\">\n\t\t\t\t\t\t\t\t\t<\/div>\n<\/p><\/div>\n<\/p><\/div>\n<div class=\"builder-banner-slide content-position-none\" style=\"background-image: url(&#039;https:\/\/manfred-mai.de\/wp-content\/uploads\/2018\/06\/manfred-mai_martin-lenz-kindervorlesung.jpg&#039;);\">\n<div class=\"builder-banner-content\">\n<div class=\"builder-banner-inner-content\">\n\t\t\t\t\t\t\t\t\t<\/div>\n<\/p><\/div>\n<\/p><\/div>\n<div class=\"builder-banner-slide content-position-none\" style=\"background-image: url(&#039;https:\/\/manfred-mai.de\/wp-content\/uploads\/2018\/07\/ManfredMai_MSE3219neu.jpg&#039;);\">\n<div class=\"builder-banner-content\">\n<div class=\"builder-banner-inner-content\">\n\t\t\t\t\t\t\t\t\t<\/div>\n<\/p><\/div>\n<\/p><\/div>\n<div class=\"cycle-prev\"><\/div>\n<div class=\"cycle-next\"><\/div>\n<div class=\"cycle-pager\"><\/div>\n<\/p><\/div>\n<\/section>\n<section id=\"builder-section-text_55\" class=\"builder-section-prev-banner builder-section builder-section-text builder-section-last builder-text-columns-3\" style=\"background-size: cover; background-repeat: no-repeat;background-position: center center;\">\n<div class=\"builder-section-content\">\n<div class=\"builder-text-row\">\n<div class=\"builder-text-column builder-text-column-1\" id=\"builder-section-text_55-column-1\">\n<div class=\"builder-text-content\">\n<h4 class=\"widget-title\">Herzlich Willkommen!<\/h4>\n<div class=\"textwidget\">\n<p>Sch\u00f6n, dass ihr auf meiner Homepage angekommen seid. Hier k\u00f6nnt ihr einiges \u00fcber mich und meine Arbeit erfahren. Auf vielen Bildern und im <a href=\"https:\/\/manfred-mai.de\/?page_id=30&amp;customize_changeset_uuid=d1073dd5-6584-4ed2-bd79-23c50185e1a9&amp;customize_messenger_channel=preview-0\" target=\"_self\">Video<\/a> seht ihr mich in Aktion \u2013 und ihr seht auch, dass ich inzwischen einen Partner habe.<\/p>\n<\/div><\/div>\n<\/p><\/div>\n<div class=\"builder-text-column builder-text-column-2\" id=\"builder-section-text_55-column-2\">\n<div class=\"builder-text-content\">\n<div class=\"textwidget\">\n<p>Martin Lenz und ich sind seit einiger Zeit mit unseren \u201e<a href=\"https:\/\/manfred-mai.de\/?page_id=30&amp;customize_changeset_uuid=d1073dd5-6584-4ed2-bd79-23c50185e1a9&amp;customize_messenger_channel=preview-0\" target=\"_self\">Musikalischen Lesungen<\/a>\u201c unterwegs, die den kleinen und gro\u00dfen Kindern und uns beiden viel Freude machen.<\/p>\n<p>Aber nat\u00fcrlich komme ich auch nach wie vor alleine!<\/p>\n<figure id=\"attachment_465\" aria-describedby=\"caption-attachment-465\" style=\"width: 300px\" class=\"wp-caption alignleft\"><img decoding=\"async\" loading=\"lazy\" class=\"size-medium wp-image-465\" src=\"https:\/\/manfred-mai.de\/wp-content\/uploads\/2018\/11\/unterschrift-300x92.png\" alt=\"Manfred Mai\" width=\"300\" height=\"92\" srcset=\"https:\/\/manfred-mai.de\/wp-content\/uploads\/2018\/11\/unterschrift-300x92.png 300w, https:\/\/manfred-mai.de\/wp-content\/uploads\/2018\/11\/unterschrift.png 413w\" sizes=\"(max-width: 300px) 100vw, 300px\" \/><figcaption id=\"caption-attachment-465\" class=\"wp-caption-text\">Manfred Mai<\/figcaption><\/figure><\/div>\n<\/p><\/div>\n<\/p><\/div>\n<div class=\"builder-text-column builder-text-column-3\" id=\"builder-section-text_55-column-3\">\n<div class=\"builder-text-content\">\n\t\t\t\t\t\t\t\t\t\t\t<\/div>\n<\/p><\/div>\n<\/p><\/div>\n<\/p><\/div>\n<\/section>\n","protected":false},"excerpt":{"rendered":"<p>Herzlich Willkommen! Sch\u00f6n, dass ihr auf meiner Homepage angekommen seid. Hier k\u00f6nnt ihr einiges \u00fcber mich und meine Arbeit erfahren. Auf vielen Bildern und im Video seht ihr mich in Aktion \u2013 und ihr seht auch, dass ich inzwischen einen Partner habe. Martin Lenz und ich sind seit einiger Zeit mit unseren \u201eMusikalischen Lesungen\u201c unterwegs, &hellip;<\/p>\n","protected":false},"author":1,"featured_media":0,"parent":0,"menu_order":0,"comment_status":"closed","ping_status":"closed","template":"template-builder.php","meta":[],"_links":{"self":[{"href":"https:\/\/manfred-mai.de\/index.php?rest_route=\/wp\/v2\/pages\/6"}],"collection":[{"href":"https:\/\/manfred-mai.de\/index.php?rest_route=\/wp\/v2\/pages"}],"about":[{"href":"https:\/\/manfred-mai.de\/index.php?rest_route=\/wp\/v2\/types\/page"}],"author":[{"embeddable":true,"href":"https:\/\/manfred-mai.de\/index.php?rest_route=\/wp\/v2\/users\/1"}],"replies":[{"embeddable":true,"href":"https:\/\/manfred-mai.de\/index.php?rest_route=%2Fwp%2Fv2%2Fcomments&post=6"}],"version-history":[{"count":19,"href":"https:\/\/manfred-mai.de\/index.php?rest_route=\/wp\/v2\/pages\/6\/revisions"}],"predecessor-version":[{"id":517,"href":"https:\/\/manfred-mai.de\/index.php?rest_route=\/wp\/v2\/pages\/6\/revisions\/517"}],"wp:attachment":[{"href":"https:\/\/manfred-mai.de\/index.php?rest_route=%2Fwp%2Fv2%2Fmedia&parent=6"}],"curies":[{"name":"wp","href":"https:\/\/api.w.org\/{rel}","templated":true}]}}